/120*a**5 + 0*a**4 + 0 + 0*a**2. Let s(o) be the second derivative of p(o). What is s(3)?
3
Let k = 57 + -59. Let i(h) = -3*h - 1. Determine i(k).
5
Let u(s) = -6*s + 3. Let n(k) = -3*k - 1. Let d(c) = -4*c - 1. Let p(b) = -4*d(b) + 5*n(b). Let i(f) = 5*p(f) + u(f). Give i(-2).
0
Let p(m) = 8*m**3 + m**2 + m - 1. Suppose 2*r - 7 = -3*s - 0*r, 2*r = -2*s + 6. What is p(s)?
9
Let f(q) = q**2 - 6*q + 3. Let b = -22 + 28. Calculate f(b).
3
Let w(o) = o + 1. Let l(q) = -q + 6. Let p(i) = l(i) - 4*w(i). What is p(4)?
-18
Let l = -2 + 8. Let g(m) = 0 - 4 + 2*m + 0*m + l + 2*m**2. Let n = 0 + -2. Give g(n).
6
Let t(k) = -k**3 - k**2 + k + 3. Let x be t(0). Suppose -5*i + 5*g + 40 = 0, -g = 3*i - 1 - x. Let l(z) = 2*z**i + 1 + 1 - z**3. Determine l(-2).
-6
Let h(q) = -2*q - 8. Let n be h(-2). Let w(d) = -d**2 - 4*d - 1. Determine w(n).
-1
Let p = -42 + 51. Let g(r) = -r**3 + 8*r**2 + 6*r + 10. Calculate g(p).
-17
Let d(g) = g**2. Let o be 3*2/18*-3. Let n(w) = -5*w**2 + 2*w + 1. Let a(y) = o*n(y) - 3*d(y). Determine a(-1).
3
Suppose z = -2*z + 18. Let v = z - 2. Let b(c) = 5*c - 1 - 6*c + 6. What is b(v)?
1
Let w(b) be the second derivative of 1/6*b**3 + 0 - 3/2*b**2 + 4*b. Let x be 21/4 + 1/(-4). Give w(x).
2
Suppose -s - r - 29 = 3*s, -5*r - 25 = 0. Let l(a) = -a**3 - 7*a**2 - 8*a - 6. What is l(s)?
6
Let r = 3 - 0. Let o(v) = r - 1 + 4*v - 2*v - 4. Calculate o(4).
6
Let x(l) be the second derivative of l**3/6 + 7*l**2/2 - 17*l. Give x(-10).
-3
Let f(k) be the second derivative of -4*k**5/5 - k**4/12 + 13*k. What is f(-1)?
15
Let u(n) be the second derivative of n**4/12 - 4*n**3/3 + 9*n**2/2 - n. Calculate u(6).
-3
Let i = -2 - -1. Let u(m) be the second derivative of m**4/4 + m**2/2 - 14*m. Calculate u(i).
4
Let q(r) be the second derivative of r**5/20 - 7*r**4/12 + 7*r**3/6 - r**2/2 - 28*r. Determine q(6).
5
Let s(y) = y + 6. Suppose l + l - 4 = x, -3*x - 4*l + 8 = 0. Give s(x).
6
Let s be (4*1)/(-5 - -6). Let u(j) = 3*j - 3. Let l be u(6). Let n be l/(-25) - s/10. Let x(r) = -6*r - 1. Give x(n).
5
Let q(b) = b**3 - 1. Let t(s) = 3*s**3 + s**2 + s - 6. Let a(c) = 4*q(c) - t(c). Suppose 0 = 4*x - x + 63. Let f be (-35)/x - 2/(-6). Give a(f).
4
Let t(j) = 9*j + 1. Let b(s) = -3*s**3 - 5*s**2 - 7*s + 5. Let u(k) = 16*k**3 + 24*k**2 + 36*k - 25. Let v(x) = 11*b(x) + 2*u(x). Let d be v(-6). What is t(d)?
-8
Let t(x) = -6*x. Let c(b) = -b**3 + 2*b**2 + 2*b - 3. Let f be c(2). Suppose 0 = m - 6 + f. Suppose -4 = w - 5*h, -m + 0 = -5*h. What is t(w)?
-6
Let w be (-4)/(12/(-21)) + 0. Suppose -5*r = -27 + w. Let g(i) = i**3 - 4*i**2 - 2*i + 6. What is g(r)?
-2
Let z(h) = -24*h**2 + 1 - 3*h + 23*h**2 + 2. Calculate z(-5).
-7
Let t(s) = 7*s + 4. Let m(b) = -8*b - 5. Let q(h) = -6*m(h) - 7*t(h). Give q(1).
1
Let j(h) = h**3 + 9*h**2 + 8*h + 6. Suppose 5*a + 5*y = -60, -5*a = 4*y + 17 + 39. What is j(a)?
6
Let k(t) = -11*t + 2. Let x(b) = -4*b + 1. Let l(u) = -3*k(u) + 8*x(u). Let v be ((-6)/5)/((-18)/(-60)). Calculate l(v).
-2
Let u = -12 - -16. Let w(b) = -b**3 + 4*b**2 - 2*b + 6. What is w(u)?
-2
Let b(g) = g**2 - 5*g. Let k be b(5). Let c(w) = 0 + w - 4*w**2 + 1 - 2*w**2 + k*w. Calculate c(-1).
-6
Let v = 2 + 2. Let j(i) = v*i + 7 - 6*i + 2*i + 3*i. What is j(-5)?
-8
Let c(l) = -l**3 - 6*l**2 - 4*l - 5. Let a = 65 + -70. What is c(a)?
-10
Let l(u) be the third derivative of u**5/60 + u**4/4 - u**3/3 + 11*u**2. Give l(-6).
-2
Let b(l) = -7 + 14 + l + 9. Give b(0).
16
Let p(x) = -x**3 + 7*x**2 - x + 10. Let m(h) = 3*h**2 + 4*h. Let n be m(1). What is p(n)?
3
Let t(v) = -v**2 + 7*v + 38. Let r be t(11). Let b(m) = -m**3 - 6*m**2 + 3*m + 5. Determine b(r).
-13
Let x(a) be the first derivative of -2/3*a**3 + 5/2*a**2 - 3 + 4*a. Suppose -n + 5 = 1. Calculate x(n).
-8
Let s(o) = 7*o**2 + 5*o + 9. Let g(p) = -15*p**2 - 10*p - 19. Let n(f) = -6*g(f) - 13*s(f). Calculate n(-6).
-9
Let m = -5/9 - -19/18. Let o(g) be the third derivative of -m*g**3 + 0*g - 1/24*g**4 + 0 + g**2. Calculate o(-4).
1
Let h(o) = -o**2 - 4*o + 6. Let g be h(-6). Let s(u) = 11. Let a(i) = -i + 1. Let p = 5 + -6. Let j(q) = p*s(q) + 2*a(q). Determine j(g).
3
Let f be (-4 - 8)/3 - -2. Let n(j) = -j + j + j**2 + 2*j. Calculate n(f).
0
Let p(j) = 10 - 4*j - 30 + 7*j + 16. Determine p(3).
5
Let c(x) = x**2 - x. Let v(q) = q**3 - q**2 - 9*q - 1. Let g(l) = 4*c(l) - v(l). Determine g(6).
-5
Suppose 0 + 8 = 3*g + 4*z, 3*g - 3*z = 36. Let m(t) = 2*t - 11. Give m(g).
5
Let u(v) be the third derivative of v**7/2520 + v**6/360 - v**5/30 + 3*v**2. Let q(h) be the third derivative of u(h). Determine q(-4).
-6
Let u(w) = -4*w + 6. Let n(q) = q - 2. Let y(i) = 7*n(i) + 2*u(i). Determine y(-1).
-1
Let r(p) = -2*p**2 - 2*p - 2. Let g be ((-9)/(-18))/((-2)/8). What is r(g)?
-6
Let g(k) = 3*k - 3. Let m be g(4). Let r(c) = -c - m*c**2 - 5*c**2 + 1 + 13*c**2. Give r(-3).
-5
Let q(l) = -3*l**3 + 3*l**2 - 2*l + 2. Let f(v) = 4*v + 46. Let j be f(-11). Give q(j).
-14
Let a be (27/12)/(9/(-24)). Let x(g) = -5*g + 4. Let k(b) = -6*b + 5. Let f(h) = a*k(h) + 7*x(h). Determine f(4).
2
Let k(b) = -4*b**2 + 1. Let a be (-1 - -4) + 28/(-7). Give k(a).
-3
Let h(w) be the third derivative of 5*w**4/24 + w**3/2 + 8*w**2. Let q(m) = m**3 + 7*m**2 + 7*m + 8. Let o be q(-6). Let t = o + -4. Give h(t).
-7
Let o(l) = -l**3 - l**2 + 4. Let v be o(0). Suppose v*x - 16 = -0*x. Let u(b) = x*b + 4*b + b - b. Calculate u(1).
8
Let v(y) = y**2 - 2*y - 1. Let q(d) = 2*d**2 - 3*d - 4. Let c = 2 - -1. Let m be q(c). Let k be 13/m + (-4)/(-10). Calculate v(k).
2
Let l = -26 - -15. Let b = -9 + 2. Let j = l - b. Let d(v) = -v - 1. Determine d(j).
3
Let r(u) be the first derivative of u**3/3 + 3*u**2 - 7*u - 51. What is r(-8)?
9
Let w(f) = f**2 + 6*f + 7. Let q be w(-5). Let j(s) be the first derivative of 3 + s**2 - 2*s**q - 4. Give j(-1).
2
Suppose -10*p - 8 = -2*p. Let m(q) = -4 - q + 4 - 5*q**3 - 2*q**2. Calculate m(p).
4
Let j = -69 + 829/12. Let h(r) be the second derivative of 1/2*r**2 + 0 + 1/2*r**3 - j*r**4 + r. Determine h(3).
1
Let d be (1 + 2)/(6/4). Let l(a) = -a**3 + a + 1. Let k be l(d). Let p(w) = w + 2. Calculate p(k).
-3
Let p(g) be the second derivative of -2*g**3/3 + 2*g**2 - g. Let w be -4*(-2)/(-8)*-5. Suppose r - 6*r = -2*u + 11, -w = -u + 2*r. What is p(u)?
-8
Let x be (-6)/(-9) - 19/(-3). Let t(z) = z**3 - 7*z**2 - 4. Determine t(x).
-4
Suppose -3*o - 31 = 5*m - 3, 0 = -5*o - 3*m - 20. Let a(t) = 3 + 3*t - 4 + 0. Give a(o).
-4
Let v(q) = q**3 + 5*q**2 + 5*q + 4. Let t be v(-4). Suppose t = 2*c + 13 - 21. Let k(z) = 2*z**2 - 6*z + 2. What is k(c)?
10
Let n(a) = 21 - 2*a - 9 + a - 13. Suppose 4*q = 5*y + 2, 3*q + 6*y - 2*y = 17. Calculate n(q).
-4
Let g(d) = -d - 2. Let c be 63/18 + 1/(-2). Let w = c + 0. What is g(w)?
-5
Let u(h) = -h**3 - h - 2. Suppose -4*t - 2*p + 10 = -0*t, -t = -5*p + 25. Calculate u(t).
-2
Let z = -2 + 3. Let b be (-1 - z)/(-1) - 2. Let j(n) = n + n**2 - 5 + b + 3*n. What is j(-4)?
-5
Suppose 3*f = 2*l + 14, 3*f + l - 4 = -f. Let d(x) be the first derivative of -x**2 - x + 96. Give d(f).
-5
Let i(r) = -r - 3. Let f = 8 + -13. Let k be i(f). Let o(x) = -k + 1 + x**3 + 6. Determine o(0).
5
Let b(n) be the third derivative of 7*n**4/12 + n**3/6 - 8*n**2. Determine b(1).
15
Let l(x) = x - 9. Let n = 59 - 55. Determine l(n).
-5
Let c be 0 - 1 - (2 + -10). Let l(k) = c*k - k**2 - 4*k + k - 3. Let d = -3 - -6. Determine l(d).
0
Let z(p) be the third derivative of -p**4/12 + p**2. Let f be (-2 + 32/12)*1*-3. Determine z(f).
4
Let y(q) = 6*q**3 + 2*q**2 - 1. Let b be (-3)/12*(-2 - -6). Calculate y(b).
-5
Let n = -51 - -49. Let r(t) = t**3 + 2*t**2 + t + 2. Give r(n).
0
Let y(d) be the second derivative of -d**4/12 + d**3/3 - d**2 + 7*d. Determine y(2).
-2
Suppose -12 = -16*n + 12*n. Let x = 8 + -5. Let y(r) = r**3 + 0*r - 3 + 0*r**3 - 4*r**2 + x*r. Calculate y(n).
-3
Suppose 4*r = -2*r + 24. Let i(o) = -3*o. Calculate i(r).
-12
Let g(f) = -3*f**2 + 24*f + 5. Let l be g(8). Let d(z) = -z**2 + 4*z - 5. What is d(l)?
-10
Let x be (-16)/(-12)*6/(-4). Let m(b) = b**2 - b. Let z be m(x). Let v(r) = r**3 - 7*r**2 + 8*r + 3. Determine v(z).
15
Suppose 2*v = 2, -6 - 3 = -2*h + v. Suppose -n - 5 = 2*x, -22 = n + 5*x - h. Let k(y) = -3 + 0*y**2 + y**2 + n + 4. Give k(0).
4
Let v(l) = l**2 - 2. Let k(p) = -3*p - 7